{"id":3,"date":"2024-06-18T20:24:07","date_gmt":"2024-06-18T20:24:07","guid":{"rendered":"https:\/\/www.franesmark.es\/Gruporopasa\/?page_id=3"},"modified":"2024-08-21T13:36:01","modified_gmt":"2024-08-21T13:36:01","slug":"politica-de-privacidad","status":"publish","type":"page","link":"https:\/\/www.franesmark.es\/Gruporopasa\/politica-de-privacidad\/","title":{"rendered":"Pol\u00edtica de Privacidad"},"content":{"rendered":"\t\t<div data-elementor-type=\"wp-page\" data-elementor-id=\"3\" class=\"elementor elementor-3\">\n\t\t\t\t<div class=\"elementor-element elementor-element-97f96c7 e-flex e-con-boxed e-con e-parent\" data-id=\"97f96c7\" data-element_type=\"container\" data-e-type=\"container\">\n\t\t\t\t\t<div class=\"e-con-inner\">\n\t\t\t\t<div class=\"elementor-element elementor-element-c1202a6 elementor-widget elementor-widget-text-editor\" data-id=\"c1202a6\" data-element_type=\"widget\" data-e-type=\"widget\" data-widget_type=\"text-editor.default\">\n\t\t\t\t<div class=\"elementor-widget-container\">\n\t\t\t\t\t\t\t\t\t<h5>1)\u00a0\u00a0\u00a0\u00a0\u00a0 RESPONSABLE DEL TRATAMIENTO<\/h5><p>SERVICIOS JUR\u00cdDICOS Y ADMINISTRACI\u00d3N GRUPO ROPASA, S.L., con C.I.F. n\u00fam. B-76.592.443, y con domicilio social en Calle La Alh\u00f3ndiga N\u00ba 30, Los Realejos, C.P. 38410 (SC de Tenerife), es la organizaci\u00f3n responsable del tratamiento de los datos personales almacenados y registrados durante su acceso y navegaci\u00f3n como usuario por este sitio web.<\/p><h5>2)\u00a0\u00a0\u00a0\u00a0\u00a0 CATEGOR\u00cdA DE DATOS RECABADOS<\/h5><p>En concreto, durante su acceso y navegaci\u00f3n como usuario por este sitio web, SERVICIOS JUR\u00cdDICOS Y ADMINISTRACI\u00d3N GRUPO ROPASA, S.L., almacenar\u00e1 y registrar\u00e1 los siguientes datos:<\/p><ol><li>Datos de navegaci\u00f3n: tales como Direcci\u00f3n IP, navegador o sistema operativo de los usuarios.<\/li><\/ol><p>Estos datos quedan almacenados y registrados de forma autom\u00e1tica en el sitio web por su mero acceso y navegaci\u00f3n. No obstante lo anterior, esta informaci\u00f3n en ning\u00fan caso permite su identidad como usuario a SERVICIOS JUR\u00cdDICOS Y ADMINISTRACI\u00d3N GRUPO ROPASA, S.L.<\/p><ol start=\"2\"><li>Datos Identificativos: tales como nombre, apellidos, tel\u00e9fono y direcci\u00f3n de correo electr\u00f3nico. Estos datos son almacenados y registrados por SERVICIOS JUR\u00cdDICOS Y ADMINISTRACI\u00d3N GRUPO ROPASA, S.L., por el acceso y utilizaci\u00f3n de determinados servicios y contenidos de este sitio web. En tales casos, el Responsable del Tratamiento le facilitar\u00e1 la informaci\u00f3n necesaria sobre el tratamiento de sus datos antes de que usted pueda facilitar esta informaci\u00f3n como usuario.<\/li><\/ol><h5>3)\u00a0\u00a0\u00a0\u00a0\u00a0 FINALIDADES DEL TRATAMIENTO<\/h5><p>SERVICIOS JUR\u00cdDICOS Y ADMINISTRACI\u00d3N GRUPO ROPASA, S.L., almacenar\u00e1 y registrar\u00e1 los datos personales estricta y expresamente facilitados por los usuarios o con el consentimiento de ellos, con la finalidad de atender a las peticiones de informaci\u00f3n, contenidos y\/o servicios que estos formulen. Asimismo, SERVICIOS JUR\u00cdDICOS Y ADMINISTRACI\u00d3N GRUPO ROPASA, S.L., trata sus datos personales recabados en este sitio web para satisfacer su inter\u00e9s leg\u00edtimo de:<\/p><ul><li>Mejorar la experiencia del usuario y la calidad de sus servicios<\/li><li>Realizar estudios sobre el impacto, contribuci\u00f3n y relevancia de este sitio web para la organizaci\u00f3n<\/li><\/ul><h5>4)\u00a0\u00a0\u00a0\u00a0\u00a0 LICITUD Y LEGITIMACI\u00d3N<\/h5><p>SERVICIOS JUR\u00cdDICOS Y ADMINISTRACI\u00d3N GRUPO ROPASA, S.L., lleva a cabo el almacenamiento y registro de los datos personales de los usuarios con base en las siguientes condiciones:<\/p><ol><li>El usuario ha prestado su consentimiento para el tratamiento de sus datos para uno o varios fines espec\u00edficos.<\/li><\/ol><ol start=\"2\"><li>El tratamiento de los datos es necesario para la ejecuci\u00f3n de todo o parte de los productos o servicios contratados por el usuario.<\/li><\/ol><ol start=\"3\"><li>El tratamiento es necesario para el cumplimiento de una obligaci\u00f3n legal exigible al Responsable del tratamiento<\/li><\/ol><p>SERVICIOS JUR\u00cdDICOS Y ADMINISTRACI\u00d3N GRUPO ROPASA, S.L., conservar\u00e1 los datos personales recabados por el tiempo estrictamente necesario para atender la finalidad para la que se obtuvieron, y siempre que el usuario no revoque su consentimiento cuando este fuera base jur\u00eddica de legitimaci\u00f3n para dicho tratamiento.<\/p><h5>5)\u00a0\u00a0\u00a0\u00a0\u00a0 COMUNICACI\u00d3N<\/h5><p>El Responsable del Tratamiento solo podr\u00e1 comunicar a terceros los datos personales de los usuarios cuando ello resulte estrictamente necesario para el cumplimiento de algunas de las finalidades por las que se han almacenado y registrado, o cuando legalmente sea admisible la comunicaci\u00f3n de conformidad con lo establecido en el RGPD.<\/p><p>En las comunicaciones realizadas a terceros, el Responsable del Tratamiento velar\u00e1 por el pleno cumplimiento de las disposiciones vigentes en materia de protecci\u00f3n de datos, y adoptar\u00e1 las medidas de seguridad necesarias para la garantizar la confidencialidad e integridad de sus datos personales, as\u00ed como uso para la finalidad para la que han sido comunicados, de forma exclusiva y excluyente.<\/p><h5>6)\u00a0\u00a0\u00a0\u00a0\u00a0 DERECHOS DE LOS USUARIOS<\/h5><p>Usted puede ejercer ante el Responsable del Tratamiento, sus derechos de acceso, rectificaci\u00f3n, oposici\u00f3n, supresi\u00f3n, limitaci\u00f3n del tratamiento, portabilidad y revocaci\u00f3n de consentimiento mediante petici\u00f3n expresa dirigida a la siguiente direcci\u00f3n de correo<\/p><p>electr\u00f3nico: ropasa@gruporopasa.es. El ejercicio de sus derechos es gratuito, y puede realizarse en cualquier momento.<\/p><p>En caso de no recibir respuesta, o de que fuera negativa, usted tiene derecho a presentar una reclamaci\u00f3n ante la Autoridad de Control en materia de Protecci\u00f3n de Datos a trav\u00e9s del siguiente encale web: www.aepd.es<\/p>\t\t\t\t\t\t\t\t<\/div>\n\t\t\t\t<\/div>\n\t\t\t\t\t<\/div>\n\t\t\t\t<\/div>\n\t\t\t\t<\/div>\n\t\t","protected":false},"excerpt":{"rendered":"<p>1)\u00a0\u00a0\u00a0\u00a0\u00a0 RESPONSABLE DEL TRATAMIENTO SERVICIOS JUR\u00cdDICOS Y ADMINISTRACI\u00d3N GRUPO ROPASA, S.L., con C.I.F. n\u00fam. B-76.592.443, y con domicilio social en [&hellip;]<\/p>\n","protected":false},"author":1,"featured_media":0,"parent":0,"menu_order":0,"comment_status":"closed","ping_status":"closed","template":"","meta":{"site-sidebar-layout":"no-sidebar","site-content-layout":"","ast-site-content-layout":"default","site-content-style":"default","site-sidebar-style":"default","ast-global-header-display":"","ast-banner-title-visibility":"","ast-main-header-display":"","ast-hfb-above-header-display":"","ast-hfb-below-header-display":"","ast-hfb-mobile-header-display":"","site-post-title":"disabled","ast-breadcrumbs-content":"","ast-featured-img":"disabled","footer-sml-layout":"","ast-disable-related-posts":"","theme-transparent-header-meta":"","adv-header-id-meta":"","stick-header-meta":"","header-above-stick-meta":"","header-main-stick-meta":"","header-below-stick-meta":"","astra-migrate-meta-layouts":"default","ast-page-background-enabled":"default","ast-page-background-meta":{"desktop":{"background-color":"var(--ast-global-color-4)","background-image":"","background-repeat":"repeat","background-position":"center center","background-size":"auto","background-attachment":"scroll","background-type":"","background-media":"","overlay-type":"","overlay-color":"","overlay-opacity":"","overlay-gradient":""},"tablet":{"background-color":"","background-image":"","background-repeat":"repeat","background-position":"center center","background-size":"auto","background-attachment":"scroll","background-type":"","background-media":"","overlay-type":"","overlay-color":"","overlay-opacity":"","overlay-gradient":""},"mobile":{"background-color":"","background-image":"","background-repeat":"repeat","background-position":"center center","background-size":"auto","background-attachment":"scroll","background-type":"","background-media":"","overlay-type":"","overlay-color":"","overlay-opacity":"","overlay-gradient":""}},"ast-content-background-meta":{"desktop":{"background-color":"var(--ast-global-color-5)","background-image":"","background-repeat":"repeat","background-position":"center center","background-size":"auto","background-attachment":"scroll","background-type":"","background-media":"","overlay-type":"","overlay-color":"","overlay-opacity":"","overlay-gradient":""},"tablet":{"background-color":"var(--ast-global-color-5)","background-image":"","background-repeat":"repeat","background-position":"center center","background-size":"auto","background-attachment":"scroll","background-type":"","background-media":"","overlay-type":"","overlay-color":"","overlay-opacity":"","overlay-gradient":""},"mobile":{"background-color":"var(--ast-global-color-5)","background-image":"","background-repeat":"repeat","background-position":"center center","background-size":"auto","background-attachment":"scroll","background-type":"","background-media":"","overlay-type":"","overlay-color":"","overlay-opacity":"","overlay-gradient":""}},"_joinchat":[],"footnotes":""},"class_list":["post-3","page","type-page","status-publish","hentry"],"_links":{"self":[{"href":"https:\/\/www.franesmark.es\/Gruporopasa\/wp-json\/wp\/v2\/pages\/3","targetHints":{"allow":["GET"]}}],"collection":[{"href":"https:\/\/www.franesmark.es\/Gruporopasa\/wp-json\/wp\/v2\/pages"}],"about":[{"href":"https:\/\/www.franesmark.es\/Gruporopasa\/wp-json\/wp\/v2\/types\/page"}],"author":[{"embeddable":true,"href":"https:\/\/www.franesmark.es\/Gruporopasa\/wp-json\/wp\/v2\/users\/1"}],"replies":[{"embeddable":true,"href":"https:\/\/www.franesmark.es\/Gruporopasa\/wp-json\/wp\/v2\/comments?post=3"}],"version-history":[{"count":7,"href":"https:\/\/www.franesmark.es\/Gruporopasa\/wp-json\/wp\/v2\/pages\/3\/revisions"}],"predecessor-version":[{"id":915,"href":"https:\/\/www.franesmark.es\/Gruporopasa\/wp-json\/wp\/v2\/pages\/3\/revisions\/915"}],"wp:attachment":[{"href":"https:\/\/www.franesmark.es\/Gruporopasa\/wp-json\/wp\/v2\/media?parent=3"}],"curies":[{"name":"wp","href":"https:\/\/api.w.org\/{rel}","templated":true}]}}