{"id":292,"date":"2024-07-22T11:05:40","date_gmt":"2024-07-22T11:05:40","guid":{"rendered":"https:\/\/www.franesmark.es\/Gruporopasa\/?page_id=292"},"modified":"2024-08-21T13:34:58","modified_gmt":"2024-08-21T13:34:58","slug":"politica-de-cookies","status":"publish","type":"page","link":"https:\/\/www.franesmark.es\/Gruporopasa\/politica-de-cookies\/","title":{"rendered":"Pol\u00edtica de Cookies"},"content":{"rendered":"\t\t<div data-elementor-type=\"wp-page\" data-elementor-id=\"292\" class=\"elementor elementor-292\">\n\t\t\t\t<div class=\"elementor-element elementor-element-97f96c7 e-flex e-con-boxed e-con e-parent\" data-id=\"97f96c7\" data-element_type=\"container\" data-e-type=\"container\" data-settings=\"{&quot;background_background&quot;:&quot;classic&quot;}\">\n\t\t\t\t\t<div class=\"e-con-inner\">\n\t\t\t\t<div class=\"elementor-element elementor-element-c1202a6 elementor-widget elementor-widget-text-editor\" data-id=\"c1202a6\" data-element_type=\"widget\" data-e-type=\"widget\" data-widget_type=\"text-editor.default\">\n\t\t\t\t<div class=\"elementor-widget-container\">\n\t\t\t\t\t\t\t\t\t<p>SERVICIOS JUR\u00cdDICOS Y ADMINISTRACI\u00d3N GRUPO ROPASA, S.L., con C.I.F. n\u00fam. B-76.592.443, y con domicilio social en Calle La Alh\u00f3ndiga N\u00ba 30, Los Realejos, C.P. 38410 (SC de Tenerife), es titular y prestador de los servicios integrados de este sitio web, donde se utilizan cookies anal\u00edticas, de preferencias y de publicidad comportamental con la finalidad mejorar su experiencia como usuario y la calidad de nuestro servicio, conforme lo indicado en la presente pol\u00edtica.<\/p><p>Del mismo modo, este sitio web utiliza cookies t\u00e9cnicas propias y de terceros con la finalidad de garantizar su correcto funcionamiento, y la prestaci\u00f3n de los servicios expresamente solicitados por el usuario.<\/p><p>Usted puede gestionar su consentimiento y preferencias sobre uso de cookies en cualquier momento a trav\u00e9s de los medios habilitados que se indican en el apartado cuarto de la presente pol\u00edtica.<\/p><p>\u00a0<\/p><h5>1)\u00a0\u00a0\u00a0\u00a0\u00a0 \u00bfQU\u00c9 ES UNA COOKIE?<\/h5><p>Una cookie es un archivo de informaci\u00f3n que este sitio web instala en tu dispositivo para almacenar y recuperar cierta informaci\u00f3n sobre la navegaci\u00f3n realizada por usted desde dicho dispositivo.<\/p><h5>2)\u00a0\u00a0\u00a0\u00a0\u00a0 TIPOS DE COOKIES<\/h5><p>Seg\u00fan su <strong>FINALIDAD<\/strong>, las cookies pueden clasificarse en:<\/p><p><strong>1.- Cookies t\u00e9cnicas:<\/strong> Son aquellas que permiten al usuario la navegaci\u00f3n a trav\u00e9s de sitio web, plataforma o aplicaci\u00f3n y la utilizaci\u00f3n de las diferentes opciones o servicios que en ella existan, incluyendo aquellas que el editor utiliza para permitir la gesti\u00f3n y operativa de la p\u00e1gina web y habilitar sus funciones y servicios, como, por ejemplo, controlar el tr\u00e1fico y la comunicaci\u00f3n de datos, identificar la sesi\u00f3n, acceder a partes de acceso restringido, recordar los elementos que integran un pedido, realizar el proceso de compra de un pedido, gestionar el pago, controlar el fraude vinculado a la seguridad del servicio, realizar la solicitud de inscripci\u00f3n o participaci\u00f3n en un evento, contar visitas a efectos de la facturaci\u00f3n de licencias del software con el que funciona el servicio (sitio web, plataforma o aplicaci\u00f3n), utilizar elementos de seguridad durante la navegaci\u00f3n, almacenar contenidos para la difusi\u00f3n de v\u00eddeos o sonido, habilitar contenidos din\u00e1micos (por ejemplo, animaciones de texto, video o imagen) o compartir contenidos a trav\u00e9s de redes sociales.<\/p><p>Las cookies t\u00e9cnicas est\u00e1n exceptuadas de la prestaci\u00f3n de consentimiento por el usuario cuando su finalidad sea estrictamente alguna o algunas de las referidas en el p\u00e1rrafo anterior.<\/p><p>Este sitio web utiliza cookies t\u00e9cnicas propias y\/o de terceros con la finalidad estricta de garantizar la navegaci\u00f3n del usuario y la prestaci\u00f3n de los servicios que este expresamente hubiera solicitado, as\u00ed como de procurar el correcto funcionamiento del sitio web y de sus secciones.<\/p><p><strong>2.- Cookies anal\u00edticas:<\/strong> son aquellas que permiten realizar un seguimiento y an\u00e1lisis del comportamiento de los usuarios de los sitios web a los que est\u00e1n vinculadas, incluida la cuantificaci\u00f3n de los impactos de los anuncios. De esta forma, se logra la medici\u00f3n de la actividad de los sitios web, aplicaci\u00f3n o plataforma, con el fin de introducir mejoras en funci\u00f3n del an\u00e1lisis de los datos de uso que hacen los usuarios del servicio. Este sitio web utiliza cookies anal\u00edticas propias y\/o de terceros con la finalidad de analizar los h\u00e1bitos, comportamiento de navegaci\u00f3n, gustos e intereses del usuario para mejorar las funcionalidades y contenidos este sitio web.<\/p><p><strong>3.- Cookies de preferencia:<\/strong> son aquellas que permiten recordar informaci\u00f3n para que el usuario acceda al servicio con determinadas caracter\u00edsticas que pueden diferenciar su experiencia de la de otros usuarios.<\/p><p>Este sitio web utiliza cookies de preferencia propias y\/o de terceros como la elecci\u00f3n del idioma o moneda de curso legal preferente, a fin de mejorar la experiencia del usuario. La informaci\u00f3n recabada a partir de elecciones realizaras por el propio usuario de forma exclusiva est\u00e1n exceptuadas de la prestaci\u00f3n de su consentimiento.<\/p><p><strong>4.- Cookies de publicidad comportamental:<\/strong> son aquellas que almacenan informaci\u00f3n del comportamiento de los usuarios obtenida a trav\u00e9s de la observaci\u00f3n continuada de los h\u00e1bitos de navegaci\u00f3n, para desarrollar perfiles publicitarios espec\u00edficos.<\/p><p>Este sitio web utiliza cookies de publicidad comportamental propias y\/o de terceros con la finalidad de ofrecer al usuario productos y servicios adecuados a sus preferencias de consumo.<\/p><p>Seg\u00fan su <strong>ENTIDAD GESTORA<\/strong>, las cookies pueden clasificarse en:<\/p><p><strong>1.- Cookies propias:<\/strong> son aquellas de las que es responsable el propio editor y que, con car\u00e1cter general, se env\u00edan a los usuarios desde el equipo o dominio gestionado por el propio editor y desde el cual se presta el servicio solicitado.<\/p><p><strong>2.- Cookies de terceros:<\/strong> son aquellas en las que es responsable una entidad distinta del editor y que, generalmente, se env\u00edan al equipo terminal del usuario desde un equipo o dominio que no es gestionado por el editor, sino por otra entidad que trata los datos obtenidos a trav\u00e9s de las cookies.<\/p><h5>3)\u00a0\u00a0\u00a0\u00a0\u00a0 DESCRIPCI\u00d3N DE COOKIES<\/h5><p><br \/><br \/><br \/><br \/><\/p><p><style>\n        table {<br \/>\n            width: 100%;<br \/>\n            border-collapse: collapse;<br \/>\n        }<br \/>\n        th, td {<br \/>\n            border: 1px solid #ddd;<br \/>\n            padding: 8px;<br \/>\n        }<br \/>\n        th {<br \/>\n            background-color: #f2f2f2;<br \/>\n            text-align: left;<br \/>\n        }<br \/>\n    <\/style><\/p><p>\u00a0<\/p><h1>Pol\u00edtica de Cookies<\/h1><table><thead><tr><th>Nombre de la Cookie<\/th><th>Prop\u00f3sito<\/th><th>Tipo de Cookie<\/th><th>Duraci\u00f3n<\/th><th>Dominio<\/th><\/tr><\/thead><tbody><tr><td>SessionID<\/td><td>Mantener la sesi\u00f3n del usuario abierta mientras navega por el sitio web.<\/td><td>Necesaria<\/td><td>Sesi\u00f3n<\/td><td>gruporopasa.com<\/td><\/tr><tr><td>UserPreferences<\/td><td>Guardar las preferencias de idioma y tema del usuario.<\/td><td>Funcional<\/td><td>1 a\u00f1o<\/td><td>gruporopasa.com<\/td><\/tr><tr><td>AnalyticsID<\/td><td>Recopilar datos an\u00f3nimos de tr\u00e1fico para mejorar la experiencia del usuario.<\/td><td>Anal\u00edtica<\/td><td>2 a\u00f1os<\/td><td>gruporopasa.com<\/td><\/tr><tr><td>AdTargetingID<\/td><td>Mostrar anuncios relevantes seg\u00fan la actividad del usuario en el sitio web.<\/td><td>Publicitaria<\/td><td>6 meses<\/td><td>gruporopasa.com<\/td><\/tr><tr><td>ConsentCookie<\/td><td>Registrar el consentimiento del usuario para el uso de cookies en el sitio.<\/td><td>Necesaria<\/td><td>1 a\u00f1o<\/td><td>gruporopasa.com<\/td><\/tr><tr><td>ShoppingCartID<\/td><td>Guardar el contenido del carrito de compras del usuario.<\/td><td>Funcional<\/td><td>Sesi\u00f3n<\/td><td>gruporopasa.com<\/td><\/tr><tr><td>AuthToken<\/td><td>Verificar la identidad del usuario y mantenerlo conectado.<\/td><td>Necesaria<\/td><td>Sesi\u00f3n<\/td><td>gruporopasa.com<\/td><\/tr><tr><td>PerformanceTracking<\/td><td>Evaluar el rendimiento del sitio web y detectar problemas de navegaci\u00f3n.<\/td><td>Anal\u00edtica<\/td><td>1 a\u00f1o<\/td><td>gruporopasa.com<\/td><\/tr><tr><td>SocialMediaID<\/td><td>Permitir compartir contenido a trav\u00e9s de redes sociales.<\/td><td>Funcional<\/td><td>1 a\u00f1o<\/td><td>gruporopasa.com<\/td><\/tr><tr><td>ErrorLogging<\/td><td>Registrar errores del sitio web para su posterior an\u00e1lisis y correcci\u00f3n.<\/td><td>Necesaria<\/td><td>3 meses<\/td><td>gruporopasa.com<\/td><\/tr><\/tbody><\/table><p>\u00a0<\/p><h5>4)\u00a0\u00a0\u00a0\u00a0\u00a0 CONSENTIMIENTO<\/h5><p>El tratamiento de sus datos personales llevado a cabo por SERVICIOS JUR\u00cdDICOS Y ADMINISTRACI\u00d3N GRUPO ROPASA, S.L., como responsable del tratamiento, se realiza para el cumplimiento de las finalidades descritas en el apartado tercero de esta pol\u00edtica de cookies. La legitimaci\u00f3n y licitud del tratamiento se fundamenta en el consentimiento prestado por usted con arreglo a lo establecido en el Art\u00edculo 6.1.a) RGPD.<\/p><p>Al pulsar <strong>&lt;&lt;ACEPTAR&gt;&gt;<\/strong> en el banner informativo que aparece al acceder al sitio web, usted presta su consentimiento para el uso de las cookies para todos los antedichos fines.<\/p><h5>5)\u00a0\u00a0\u00a0\u00a0\u00a0 REVOCACI\u00d3N DE CONSENTIMIENTO<\/h5><p>Usted puede revocar en cualquier momento el consentimiento prestado para el uso de cookies en este sitio web, a trav\u00e9s de los siguientes medios:<\/p><p>1) Pulsando el Ej: bot\u00f3n en la esquina inferior derecha de la pantalla<\/p><p>2) Modificando la configuraci\u00f3n de su navegador.<\/p><p>A modo de ejemplo:<\/p><ol><li>Google Chrome: support.google.com\/chrome\/answer\/95647?hl=es<\/li><li>Internet Explorer: support.microsoft.com\/es-es\/help\/17442\/windowsinternet-explorer-delete-manage-cookies<\/li><li>Firefox: support.mozilla.org\/es\/kb\/habilitar-y-deshabilitar-cookies-sitiosweb-rastrear-preferencias<\/li><li>Safari: support.apple.com\/es-es\/guide\/safari\/sfri11471\/mac<\/li><\/ol><h5>6)\u00a0\u00a0\u00a0\u00a0\u00a0 CESI\u00d3N DE DATOS<\/h5><p>El Responsable del Tratamiento solo podr\u00e1 ceder sus datos personales a terceros cuando ello resulte necesario para dar cumplimiento a las finalidades enunciadas, o legalmente sea admitida la cesi\u00f3n de datos de conformidad con lo establecido en el RGPD.<\/p><p>En las relaciones de cesi\u00f3n de sus datos, el Responsable del Tratamiento velar\u00e1 por el pleno cumplimiento de las disposiciones vigentes en materia de protecci\u00f3n de datos, y adoptar\u00e1 todas las medidas de seguridad necesarias para garantizar la confidencialidad e integridad de sus datos, as\u00ed como su uso para el fin para el que han sido cedidos de forma exclusiva y excluyente.<\/p><h5>7)\u00a0\u00a0\u00a0\u00a0\u00a0 DERECHOS DE LOS USUARIOS<\/h5><p>Usted puede ejercer ante el Responsable del Tratamiento, sus derechos de acceso, rectificaci\u00f3n, oposici\u00f3n, supresi\u00f3n, limitaci\u00f3n del tratamiento, portabilidad y revocaci\u00f3n de consentimiento mediante petici\u00f3n expresa dirigida a la siguiente direcci\u00f3n de correo electr\u00f3nico: ropasa@gruporopasa.es. El ejercicio de sus derechos es gratuito, y puede realizarse en cualquier momento.<\/p><p>En caso de no recibir respuesta, o de que fuera negativa, usted tiene derecho a presentar una reclamaci\u00f3n ante la Autoridad de Control en materia de Protecci\u00f3n de Datos a trav\u00e9s del siguiente encale web: www.aepd.es<\/p>\t\t\t\t\t\t\t\t<\/div>\n\t\t\t\t<\/div>\n\t\t\t\t\t<\/div>\n\t\t\t\t<\/div>\n\t\t\t\t<\/div>\n\t\t","protected":false},"excerpt":{"rendered":"<p>SERVICIOS JUR\u00cdDICOS Y ADMINISTRACI\u00d3N GRUPO ROPASA, S.L., con C.I.F. n\u00fam. B-76.592.443, y con domicilio social en Calle La Alh\u00f3ndiga N\u00ba [&hellip;]<\/p>\n","protected":false},"author":2,"featured_media":0,"parent":0,"menu_order":0,"comment_status":"closed","ping_status":"closed","template":"","meta":{"site-sidebar-layout":"no-sidebar","site-content-layout":"","ast-site-content-layout":"default","site-content-style":"default","site-sidebar-style":"default","ast-global-header-display":"","ast-banner-title-visibility":"","ast-main-header-display":"","ast-hfb-above-header-display":"","ast-hfb-below-header-display":"","ast-hfb-mobile-header-display":"","site-post-title":"disabled","ast-breadcrumbs-content":"","ast-featured-img":"disabled","footer-sml-layout":"","ast-disable-related-posts":"","theme-transparent-header-meta":"","adv-header-id-meta":"","stick-header-meta":"","header-above-stick-meta":"","header-main-stick-meta":"","header-below-stick-meta":"","astra-migrate-meta-layouts":"default","ast-page-background-enabled":"default","ast-page-background-meta":{"desktop":{"background-color":"var(--ast-global-color-4)","background-image":"","background-repeat":"repeat","background-position":"center center","background-size":"auto","background-attachment":"scroll","background-type":"","background-media":"","overlay-type":"","overlay-color":"","overlay-opacity":"","overlay-gradient":""},"tablet":{"background-color":"","background-image":"","background-repeat":"repeat","background-position":"center center","background-size":"auto","background-attachment":"scroll","background-type":"","background-media":"","overlay-type":"","overlay-color":"","overlay-opacity":"","overlay-gradient":""},"mobile":{"background-color":"","background-image":"","background-repeat":"repeat","background-position":"center center","background-size":"auto","background-attachment":"scroll","background-type":"","background-media":"","overlay-type":"","overlay-color":"","overlay-opacity":"","overlay-gradient":""}},"ast-content-background-meta":{"desktop":{"background-color":"var(--ast-global-color-5)","background-image":"","background-repeat":"repeat","background-position":"center center","background-size":"auto","background-attachment":"scroll","background-type":"","background-media":"","overlay-type":"","overlay-color":"","overlay-opacity":"","overlay-gradient":""},"tablet":{"background-color":"var(--ast-global-color-5)","background-image":"","background-repeat":"repeat","background-position":"center center","background-size":"auto","background-attachment":"scroll","background-type":"","background-media":"","overlay-type":"","overlay-color":"","overlay-opacity":"","overlay-gradient":""},"mobile":{"background-color":"var(--ast-global-color-5)","background-image":"","background-repeat":"repeat","background-position":"center center","background-size":"auto","background-attachment":"scroll","background-type":"","background-media":"","overlay-type":"","overlay-color":"","overlay-opacity":"","overlay-gradient":""}},"_joinchat":[],"footnotes":""},"class_list":["post-292","page","type-page","status-publish","hentry"],"_links":{"self":[{"href":"https:\/\/www.franesmark.es\/Gruporopasa\/wp-json\/wp\/v2\/pages\/292","targetHints":{"allow":["GET"]}}],"collection":[{"href":"https:\/\/www.franesmark.es\/Gruporopasa\/wp-json\/wp\/v2\/pages"}],"about":[{"href":"https:\/\/www.franesmark.es\/Gruporopasa\/wp-json\/wp\/v2\/types\/page"}],"author":[{"embeddable":true,"href":"https:\/\/www.franesmark.es\/Gruporopasa\/wp-json\/wp\/v2\/users\/2"}],"replies":[{"embeddable":true,"href":"https:\/\/www.franesmark.es\/Gruporopasa\/wp-json\/wp\/v2\/comments?post=292"}],"version-history":[{"count":13,"href":"https:\/\/www.franesmark.es\/Gruporopasa\/wp-json\/wp\/v2\/pages\/292\/revisions"}],"predecessor-version":[{"id":1393,"href":"https:\/\/www.franesmark.es\/Gruporopasa\/wp-json\/wp\/v2\/pages\/292\/revisions\/1393"}],"wp:attachment":[{"href":"https:\/\/www.franesmark.es\/Gruporopasa\/wp-json\/wp\/v2\/media?parent=292"}],"curies":[{"name":"wp","href":"https:\/\/api.w.org\/{rel}","templated":true}]}}